2*z + 28145. Give d(-80).
-15
Let m(z) = z**2 + 140*z + 1323. Give m(-130).
23
Let s(y) = -10*y**2 + 14*y - 12. Calculate s(-5).
-332
Let l(c) = -3*c**2 + 188*c + 159. Determine l(64).
-97
Let c(n) = -6*n**2 - 415*n + 358. Give c(-70).
8
Let t(y) = y**3 + 132*y**2 + 180*y + 6406. Determine t(-131).
-13
Let i(f) = 3*f**3 - 5*f**2 + 3*f + 6. Determine i(-4).
-278
Let x(b) = 7*b**2 - 23*b - 129. Determine x(-7).
375
Let j(h) = 6*h - 97. Calculate j(12).
-25
Let r(s) = s**3 - 33*s**2 - 125*s + 623. What is r(36)?
11
Let h(j) = -295*j - 1788. Calculate h(-6).
-18
Let u(v) = -14*v**2 - 352*v + 321. Give u(-26).
9
Let c(f) = -102*f + 760. What is c(7)?
46
Let r(t) = t**2 + 111*t + 782. What is r(-7)?
54
Let g(d) = -18*d + 18. What is g(-3)?
72
Let s(j) = -4*j**3 + 45*j**2 - 15*j + 87. Determine s(11).
43
Let f(l) = -8*l**3 + 864*l**2 - 4*l + 424. Calculate f(108).
-8
Let i(x) = 188*x + 10710. Calculate i(-57).
-6
Let k(m) = -3*m**3 + 19*m**2 - 46*m + 422. Calculate k(7).
2
Let t(x) = -6*x**2 - 215*x - 168. Give t(-34).
206
Let o(g) = -2*g**2 + 214*g - 423. Calculate o(105).
-3
Let p(w) = -2*w**3 - 78*w**2 + 13*w + 532. Give p(-39).
25
Let k(r) = 19*r - 144. What is k(7)?
-11
Let n(m) = -m**3 + 3*m**2 + 33*m - 15. Calculate n(9).
-204
Let j(b) = 2*b**3 + 17*b**2 + 36*b - 8. Determine j(-4).
-8
Let y(v) = -5*v**3 - 49*v**2 + v + 11. Calculate y(-3).
-298
Let h(l) = -6*l - 59. Determine h(-8).
-11
Let j(x) = -x**3 - 34*x**2 - 251*x + 51. Calculate j(-24).
315
Let s(v) = v**3 - 46*v**2 + 46*v + 60. Calculate s(45).
105
Let c(z) = z**3 + 18*z**2 - 27*z + 33. Calculate c(-19).
185
Let y(c) = -535*c + 7410. Determine y(14).
-80
Let n(g) = -g**2 + 239*g - 8866. What is n(193)?
12
Let l(r) = -r**3 + 10*r**2 - 7*r - 18. Calculate l(9).
0
Let x(y) = -y**3 - 68*y**2 - 48*y + 1233. Determine x(-67).
-40
Let d(q) = 2*q**3 + 43*q**2 + 149*q - 62. Determine d(-17).
6
Let y(l) = -62*l + 548. Calculate y(9).
-10
Let z(l) = -2*l**3 + 12*l**2 + 73*l - 437. Give z(6).
1
Let a(b) = 8*b**2 - 1316*b - 674. Determine a(165).
-14
Let h(s) = 2*s**3 - 9*s**2 - 147*s + 736. What is h(5)?
26
Let w(y) = -44*y - 9. What is w(3)?
-141
Let x(m) = -m**2 - 181*m + 39096. What is x(127)?
-20
Let c(f) = -f**3 + 3*f**2 + 5*f + 22. What is c(0)?
22
Let x(p) = -127*p**2 + 42*p - 41. Determine x(1).
-126
Let m(v) = -v**2 + 577*v + 2324. Determine m(-4).
0
Let r(d) = -106*d + 414. What is r(4)?
-10
Let y(d) = 21*d**2 - 111*d + 126. Give y(4).
18
Let y(m) = -m**2 - 36*m + 610. Calculate y(-49).
-27
Let r(p) = 2*p**3 - 13*p**2 - 62*p + 321. Calculate r(7).
-64
Let m(j) = -3*j**3 - 31*j**2 + 18*j + 16. Calculate m(-11).
60
Let u(q) = q**3 - 50*q**2 - 974*q + 13. Calculate u(-15).
-2
Let f(b) = 1050*b + 4281. Calculate f(-4).
81
Let f(t) = 23*t + 493. Determine f(-20).
33
Let u(q) = 5*q**3 + 179*q**2 - 5*q + 1129. What is u(-36)?
13
Let w(r) = -r**3 - 254*r**2 + 21*r + 5338. Determine w(-254).
4
Let p(i) = -42*i - 1080. Determine p(-27).
54
Let c(d) = d**3 - 2*d**2 - 17*d + 70. Give c(3).
28
Let n(b) = b**3 + 11*b**2 - 7*b + 8. Determine n(-13).
-239
Let p(w) = 2*w**3 - 86*w**2 + 108*w - 883. Calculate p(42).
125
Let n(w) = -5242*w - 68148. What is n(-13)?
-2
Let a(u) = -u**3 - 15*u**2 - 21*u - 10. Calculate a(-14).
88
Let i(b) = 42*b - 210. Give i(2).
-126
Let o(a) = -2*a - 50. Calculate o(-27).
4
Let g(x) = 3*x**2 - 18*x - 182. Determine g(15).
223
Let j(s) = -151*s + 5889. Calculate j(39).
0
Let o(z) = -10*z**2 - 86*z + 71. Determine o(1).
-25
Let c(l) = -4*l**2 + 62*l + 5. What is c(15)?
35
Let s(g) = g**3 + 19*g**2 - 37*g - 362. Calculate s(-20).
-22
Let o(m) = m**3 + 42*m**2 + 117*m + 6. Determine o(-39).
6
Let d(t) = -721*t + 3587. What is d(5)?
-18
Let w(a) = -10*a**2 + 820*a - 820. Determine w(1).
-10
Let m(u) = -u**3 + 6*u**2 + 63*u - 89. Determine m(11).
-1
Let d(a) = -90*a + 442. Determine d(3).
172
Let j(a) = a**3 + 116*a**2 - 8518*a + 49. Calculate j(51).
-2
Let t(n) = n**3 + 51*n**2 + 42*n - 360. Give t(-50).
40
Let c(q) = -q**3 + 16*q**2 - 23*q - 29. Give c(3).
19
Let d(n) = 45*n + 3392. What is d(-64)?
512
Let z(x) = -10*x**2 - 11*x - 25. What is z(-5)?
-220
Let o(h) = 6*h**2 - 15*h - 1295. What is o(16)?
1
Let a(i) = i**2 - 23*i - 19. Determine a(-1).
5
Let h(b) = -b**2 - 137*b + 854. Determine h(6).
-4
Let c(o) = -10*o**3 - 25*o**2 + 29*o - 4. Give c(1).
-10
Let x(c) = 77*c + 4842. Determine x(-64).
-86
Let g(j) = j**3 - 26*j**2 + 122*j - 5. What is g(6)?
7
Let k(f) = -428*f + 13. What is k(0)?
13
Let v(q) = 10*q**2 + 200*q + 24. Give v(-20).
24
Let w(g) = -218*g - 17. Give w(-3).
637
Let j(r) = -39*r - 1715. Give j(-56).
469
Let z(u) = 7*u**2 + 146*u + 814. Determine z(-12).
70
Let f(z) = z**3 - 8*z**2 + 44*z - 334. Calculate f(8).
18
Let l(n) = 4*n**3 - 22*n**2 + 4*n - 83. What is l(6)?
13
Let p(h) = 4*h**3 + 13*h**2 - 7*h - 4. Determine p(-6).
-358
Let y(i) = 23*i**3 + 2*i**2 - 4*i + 1. Give y(1).
22
Let c(a) = 255*a**2 + 2. Determine c(-1).
257
Let q(n) = n**3 - 6*n**2 + n - 9. Calculate q(6).
-3
Let w(i) = 3*i**2 + 350*i + 583. Determine w(-115).
8
Let l(m) = m**2 + 27*m + 42. Determine l(-14).
-140
Let y(w) = 273*w - 10098. Determine y(37).
3
Let v(t) = -5*t - 176. Give v(-9).
-131
Let y(b) = 24108*b - 96430. Give y(4).
2
Let h(g) = 14*g + 1075. Calculate h(18).
1327
Let t(j) = -5*j**3 + 127*j**2 - 50*j - 8. Give t(25).
-8
Let p(o) = -o**3 - o**2 + 42*o + 66. Calculate p(-6).
-6
Let u(v) = -31*v - 2881. Give u(-92).
-29
Let i(f) = -31*f - 92. What is i(-6)?
94
Let m(x) = 28*x + 2201. Give m(-78).
17
Let g(c) = 4*c**2 + 95*c + 63. Calculate g(-25).
188
Let o(d) = -d**2 - 393*d - 35195. Determine o(-138).
-5
Let d(t) = -43898*t. Calculate d(0).
0
Let o(b) = -201*b - 5823. Give o(-29).
6
Let m(g) = 247*g**2 - g + 4. Calculate m(-1).
252
Let s(t) = -479*t + 423. Calculate s(1).
-56
Let f(z) = 9*z**2 - 182*z + 896. What is f(5)?
211
Let b(f) = -125*f + 2077. Determine b(17).
-48
Let y(z) = -z**2 - 16*z + 99. Determine y(4).
19
Let c(u) = -2*u + 289. Determine c(119).
51
Let o(r) = 3*r**2 - 11*r + 27. Calculate o(0).
27
Let h(t) = 523*t + 14149. What is h(-27)?
28
Let m(o) = o**3 - 36*o**2 - 168*o + 74. What is m(40)?
-246
Let f(q) = 2*q**2 + 278*q + 309. Give f(-138).
33
Let k(n) = -n**2 - 1619*n - 9689. What is k(-6)?
-11
Let n(c) = -64*c - 1153. Give n(-18).
-1
Let f(b) = b**3 - 48*b**2 + 70*b - 1068. Give f(47).
13
Let o(r) = 4660*r + 27965. Calculate o(-6).
5
Let x(s) = -s**3 + 40*s**2 + 38*s + 135. Calculate x(41).
12
Let r(l) = -l**3 + 24*l**2 + 591*l + 88. Calculate r(-15).
-2
Let w(v) = v**2 + 14*v - 150. Determine w(-19).
-55
Let j(k) = -114*k + 790. What is j(7)?
-8
Let n(s) = s**3 - 14*s**2 + 36*s - 39. Give n(11).
-6
Let o(l) = -l**3 + l**2 - 36*l + 16. Give o(0).
16
Let g(m) = 278*m - 1142. Calculate g(4).
-30
Let d(n) = -n**3 + 111*n**2 - 426*n - 218. Calculate d(107).
-4
Let z(i) = i**2 + 1402*i + 8370. Give z(-6).
-6
Let j(f) = f**3 + 6*f**2 + 6*f + 15. Determine j(-6).
-21
Let n(y) = -y**3 - 12*y**2 + 5*y + 37. What is n(-11)?
-139
Let k(y) = y**2 + 3178*y - 44695. Determine k(14).
-7
Let l(m) = m**3 - 10*m**2 + 5*m - 5. Calculate l(8).
-93
Let k(y) = -17*y**2 + 2*y - 1. Calculate k(1).
-16
Let d(p) = 851*p - 6984. What is d(8)?
-176
Let p(r) = 25*r**3 + 11*r**2 - 11*r. Calculate p(1).
25
Let n(x) = -x**3 + 2*x**2 + 1442*x + 4283. Give n(-3).
2
Let j(v) = -2*v + 10. Calculate j(-6).
22
Let d(l) = l**2 + 3122*l + 24912. What is d(-8)?
0
Let h(a) = -37*a**2 + 556*a - 13. What is h(15)?
2
Let j(z) = -z**2 + 27*z - 20. What is j(28)?
-48
Let l(x) = -51*x**3 - 6*x**2 + 5*x + 9. Give l(2).
-413
Let h(u) = u**2 - 21*u + 47. Give h(15).
-43
Let n(s) = 854*s + 4266. Determine n(-5).
-4
Let f(b) = -b**3 - 81*b**2 - 891*b - 482. Give f(-68).
-6
Let o(d) = 473*d + 441. What is o(-1)?
-32
Let o(b) = -55*b + 191. Give o(3).
26
Let j(z) = z**3 - 116*z**2 - 366*z + 6. Determine j(-3).
33
Let b(v) = 171*v + 172. Calculate b(-1).
1
Let k(l) = 37*l**2 + 852*l - 58. What is k(-24)?
806
Let g(j) = j**2 - 6*j + 24. What is g(6)?
24
Let n(h) = -180*h - 1976. What is n(-11)?
4
Let d(s) = -2*s**2 - 43*s - 271. Calculate d(-7).
-68
Let d(o) = 2*o**3 - 12*o**2 - 10*o + 18. What is d(7)?
46
Let q(s) = 167*s + 1345. Calculate q(-8).
9
Let d(k) = -2*k**3 + 4*k**2 - 20*k - 24. What is 